{"id":2,"date":"2020-03-05T15:25:08","date_gmt":"2020-03-05T14:25:08","guid":{"rendered":"https:\/\/www.lekartrnava.eu\/?page_id=2"},"modified":"2025-06-10T19:02:15","modified_gmt":"2025-06-10T17:02:15","slug":"ukazka-strany","status":"publish","type":"page","link":"https:\/\/www.lekartrnava.eu\/","title":{"rendered":"O n\u00e1s"},"content":{"rendered":"\n<h2>Kontaktn\u00e9 \u00fadaje <\/h2>\n\n\n\n<p><strong>Ambulancia Praktikom s.r.o.<\/strong> <\/p>\n\n\n\n<p><strong>MUDr. Ingrid Ba\u017e\u00e1nyov\u00e1, PhD.<\/strong><br><strong>MUDr. Miroslav Ba\u017e\u00e1ny<\/strong><\/p>\n\n\n\n<p><br>+421 917 167 294<br>MUDr. Miroslav Ba\u017e\u00e1ny &#8211; Ambulancia Praktikom s.r.o.<br>\u0160tudentsk\u00e1 8  <br>917 01&nbsp;&nbsp;Trnava <\/p>\n\n\n\n<h2>Ordina\u010dn\u00e9 hodiny<\/h2>\n\n\n\n<p class=\"has-text-align-left\"><strong>PONDELOK:<\/strong>    <strong>07:30 &#8211; 16:00<\/strong><\/p>\n\n\n\n<ul><li>07: 30 &#8211; 08:00   odbery<\/li><li>08:00 &#8211; 12:00    ak\u00fatne stavy <\/li><li>12:00 &#8211; 12:30      OBED<\/li><li>12:30 &#8211; 16:00      kontrola PN, objednan\u00ed pacienti<\/li><\/ul>\n\n\n\n<p class=\"has-text-align-left\">                                                                                                                                                                                                                                        <br><strong>UTOROK:<\/strong>          <strong>07:30 &#8211; 15:00   <\/strong><\/p>\n\n\n\n<ul><li>07:30 &#8211; 08:00    odbery<\/li><li>08:00 &#8211; 12:00    ak\u00fatne stavy<\/li><li>12:00 &#8211; 12:30      OBED<\/li><li>12:30 &#8211; 15:00      kontrola PN, objednan\u00ed pacienti<\/li><\/ul>\n\n\n\n<p class=\"has-text-align-left\"><br><strong>STREDA:<\/strong>         <strong>07:30 &#8211; 14:00<\/strong>    <\/p>\n\n\n\n<ul id=\"block-76c6f753-561a-475d-a126-e38b12b915a0\"><li>07:30 &#8211; 08:00   odbery<\/li><li>08:00 &#8211; 12:00   ak\u00fatne stavy<\/li><li>12:00 &#8211; 12:30     OBED<\/li><li>12:30 &#8211; 14:00     kontrola PN, objednan\u00ed pacienti<\/li><\/ul>\n\n\n\n<p class=\"has-text-align-left\">  <br><strong>\u0160TVRTOK:<\/strong>      <strong>07:30 &#8211; 16:00<\/strong>   <\/p>\n\n\n\n<ul id=\"block-5220f69e-02cf-40ec-8671-e36edc9987ca\"><li>07: 30 &#8211; 08:00    odbery<\/li><li>08:00 &#8211; 12:00     ak\u00fatne stavy<\/li><li>12:00 &#8211; 12:30      OBED<\/li><li>12:30 &#8211; 16:00      kontrola PN, objednan\u00ed pacienti<\/li><\/ul>\n\n\n\n<p class=\"has-text-align-left\"><br><strong>PIATOK:<\/strong>        <strong> 07:00 &#8211; 13:00<\/strong><\/p>\n\n\n\n<ul id=\"block-5220f69e-02cf-40ec-8671-e36edc9987ca\"><li>07: 00 &#8211; 09:00    odbery<\/li><li>09:00 &#8211; 11:00     ak\u00fatne stavy<\/li><li>11:00 &#8211; 13:00       kontrola PN, objednan\u00ed pacienti<\/li><\/ul>\n\n\n\n<p><\/p>\n\n\n\n<p><br><strong>Sobota:<\/strong> zatvoren\u00e9 <br><strong>Nede\u013ea:<\/strong> zatvoren\u00e9 <\/p>\n","protected":false},"excerpt":{"rendered":"<p>Kontaktn\u00e9 \u00fadaje Ambulancia Praktikom s.r.o. MUDr. Ingrid Ba\u017e\u00e1nyov\u00e1, PhD.MUDr. Miroslav Ba\u017e\u00e1ny +421 917 167 294MUDr. Miroslav Ba\u017e\u00e1ny &#8211; Ambulancia Praktikom s.r.o.\u0160tudentsk\u00e1 8 917 01&nbsp;&nbsp;Trnava Ordina\u010dn\u00e9 hodiny PONDELOK: 07:30 &#8211; 16:00 07: 30 &#8211; 08:00 odbery 08:00 &#8211; 12:00 ak\u00fatne stavy<\/p>\n","protected":false},"author":1,"featured_media":0,"parent":0,"menu_order":0,"comment_status":"closed","ping_status":"open","template":"","meta":[],"yoast_head":"<!-- This site is optimized with the Yoast SEO plugin v15.2 - https:\/\/yoast.com\/wordpress\/plugins\/seo\/ -->\n<title>O n\u00e1s - Ambulancia Praktikom s.r.o.<\/title>\n<meta name=\"robots\" content=\"index, follow, max-snippet:-1, max-image-preview:large, max-video-preview:-1\" \/>\n<link rel=\"canonical\" href=\"https:\/\/www.lekartrnava.eu\/\" \/>\n<meta property=\"og:locale\" content=\"sk_SK\" \/>\n<meta property=\"og:type\" content=\"article\" \/>\n<meta property=\"og:title\" content=\"O n\u00e1s - Ambulancia Praktikom s.r.o.\" \/>\n<meta property=\"og:description\" content=\"Kontaktn\u00e9 \u00fadaje Ambulancia Praktikom s.r.o. MUDr. Ingrid Ba\u017e\u00e1nyov\u00e1, PhD.MUDr. Miroslav Ba\u017e\u00e1ny +421 917 167 294MUDr. Miroslav Ba\u017e\u00e1ny &#8211; Ambulancia Praktikom s.r.o.\u0160tudentsk\u00e1 8 917 01&nbsp;&nbsp;Trnava Ordina\u010dn\u00e9 hodiny PONDELOK: 07:30 &#8211; 16:00 07: 30 &#8211; 08:00 odbery 08:00 &#8211; 12:00 ak\u00fatne stavy\" \/>\n<meta property=\"og:url\" content=\"https:\/\/www.lekartrnava.eu\/\" \/>\n<meta property=\"og:site_name\" content=\"Ambulancia Praktikom s.r.o.\" \/>\n<meta property=\"article:modified_time\" content=\"2025-06-10T17:02:15+00:00\" \/>\n<meta name=\"twitter:card\" content=\"summary_large_image\" \/>\n<meta name=\"twitter:label1\" value=\"Autor:\">\n\t<meta name=\"twitter:data1\" value=\"lekartrnava\">\n\t<meta name=\"twitter:label2\" value=\"Est. reading time\">\n\t<meta name=\"twitter:data2\" value=\"0 min\u00fat\">\n<script type=\"application\/ld+json\" class=\"yoast-schema-graph\">{\"@context\":\"https:\/\/schema.org\",\"@graph\":[{\"@type\":\"WebSite\",\"@id\":\"https:\/\/www.lekartrnava.eu\/#website\",\"url\":\"https:\/\/www.lekartrnava.eu\/\",\"name\":\"Ambulancia Praktikom s.r.o.\",\"description\":\"Ambulancia pre dospel\\u00fdch\",\"potentialAction\":[{\"@type\":\"SearchAction\",\"target\":\"https:\/\/www.lekartrnava.eu\/?s={search_term_string}\",\"query-input\":\"required name=search_term_string\"}],\"inLanguage\":\"sk-SK\"},{\"@type\":\"WebPage\",\"@id\":\"https:\/\/www.lekartrnava.eu\/#webpage\",\"url\":\"https:\/\/www.lekartrnava.eu\/\",\"name\":\"O n\\u00e1s - Ambulancia Praktikom s.r.o.\",\"isPartOf\":{\"@id\":\"https:\/\/www.lekartrnava.eu\/#website\"},\"datePublished\":\"2020-03-05T14:25:08+00:00\",\"dateModified\":\"2025-06-10T17:02:15+00:00\",\"inLanguage\":\"sk-SK\",\"potentialAction\":[{\"@type\":\"ReadAction\",\"target\":[\"https:\/\/www.lekartrnava.eu\/\"]}]}]}<\/script>\n<!-- \/ Yoast SEO plugin. -->","_links":{"self":[{"href":"https:\/\/www.lekartrnava.eu\/index.php?rest_route=\/wp\/v2\/pages\/2"}],"collection":[{"href":"https:\/\/www.lekartrnava.eu\/index.php?rest_route=\/wp\/v2\/pages"}],"about":[{"href":"https:\/\/www.lekartrnava.eu\/index.php?rest_route=\/wp\/v2\/types\/page"}],"author":[{"embeddable":true,"href":"https:\/\/www.lekartrnava.eu\/index.php?rest_route=\/wp\/v2\/users\/1"}],"replies":[{"embeddable":true,"href":"https:\/\/www.lekartrnava.eu\/index.php?rest_route=%2Fwp%2Fv2%2Fcomments&post=2"}],"version-history":[{"count":6,"href":"https:\/\/www.lekartrnava.eu\/index.php?rest_route=\/wp\/v2\/pages\/2\/revisions"}],"predecessor-version":[{"id":34,"href":"https:\/\/www.lekartrnava.eu\/index.php?rest_route=\/wp\/v2\/pages\/2\/revisions\/34"}],"wp:attachment":[{"href":"https:\/\/www.lekartrnava.eu\/index.php?rest_route=%2Fwp%2Fv2%2Fmedia&parent=2"}],"curies":[{"name":"wp","href":"https:\/\/api.w.org\/{rel}","templated":true}]}}